 h(s) = -31*s**3 - 86*s**2 - 5*s - 8. Suppose -n - 2 = -38. What is the remainder when h(-3) is divided by n?
34
Suppose 5*v = 257 + 273. Let t = -48 - -46. What is the remainder when v is divided by (9/t)/((-24)/192)?
34
Suppose -5*u = -3*m - u - 20, 2*m - 4*u + 20 = 0. Suppose -7*b + 1 - 141 = m. Calculate the remainder when (b/(-2))/((-3)/(-12)) is divided by 6.
4
Let w be (242/5 - 7)/(3/15). Suppose -75*l = -66*l - w. What is the remainder when -11*(0 - (-20)/(-2)) is divided by l?
18
Let p(i) = -i**3 - 3*i**2 + 6*i + 20. Calculate the remainder when 103 is divided by p(-6).
11
Suppose -11897*k + 52497 = -11878*k. What is the remainder when k is divided by 115?
3
Let f(l) = 10*l**3 + 3*l**2 - 3*l + 5. Let x be f(2). Suppose -3*z = 4*n - 8*n - 179, -x = -2*z - 3*n. Calculate the remainder when 634 is divided by z.
51
What is the remainder when 477894/135 + 126/2835 is divided by 14?
12
Suppose 4*s = -19*s + 6*s. Suppose s = -0*u + 5*u - 95. What is the remainder when 113 is divided by u?
18
What is the remainder when 1604 is divided by (876/8)/(12/(-64)*-4)?
144
Let i = 62 + -21. Let r be (-13 + 9)/(2/(-52)). Suppose 0 = -17*p + 83 + r. Calculate the remainder when i is divided by p.
8
Let t = -203 + 701. Suppose -t = -26*r + 23*r. What is the remainder when r is divided by 17?
13
Suppose -5*o + 767 = 52. Suppose -31*k = -32*k - 2*z + 57, 5*k - 255 = -5*z. Calculate the remainder when o is divided by k.
8
Let b be 0 + 5 + -4 - -4 - 3. Suppose 3*t + 3*a - 355 = 383, -2*a = -b*t + 500. What is the remainder when t is divided by 25?
23
Let l = 2035 + -1854. What is the remainder when 372 is divided by l?
10
Suppose z - 7 - 38 = 0. Suppose -4*i + 317 - z = 0. Calculate the remainder when i is divided by 12.
8
Suppose 10*b = -71 + 147 + 184. Suppose -2*k + 0*k - 5*t + 160 = 0, -3*k + 3*t = -282. What is the remainder when k is divided by b?
12
Let a(b) = -8*b + 64. Suppose m + 92 = 98. What is the remainder when a(m) is divided by 3?
1
Let b(n) = -15*n + 125. What is the remainder when 424 is divided by b(8)?
4
Suppose 193*w + 21640 = 213*w. What is the remainder when w is divided by 267?
14
Let q = 6733 - 6711. What is the remainder when 1406 is divided by q?
20
Let d be -9*(32/(-12) - -3) - 0. Let p be d/6 + 12/24. Calculate the remainder when 13 is divided by (-2)/(-3)*(-4 + 10) - p.
1
What is the remainder when 632 is divided by 8 + (-1683)/(-24) + -1*2/16?
8
Let k(d) = -7*d - 49. Let r be k(0). Let p = r - -51. Let c(y) = 48*y + 8. Calculate the remainder when c(p) is divided by 27.
23
Let u be 1*0/(5/1). Suppose 0*t = -5*t + s + 71, u = -4*t - s + 55. Let o = 19 - t. What is the remainder when 23 is divided by o?
3
Let s(f) = 30*f**2 - 1. Let t = 16754 - 16612. What is the remainder when t is divided by s(-1)?
26
Suppose t = -17*t - 113*t + 2489. Calculate the remainder when 354/(-1 + (-10)/(-6)) is divided by t.
18
Suppose 45*d - 48*d = -3*v - 57, -14*d + 326 = v. Let u(y) = 43*y**2 + 36*y**2 + 3*y - 4*y. What is the remainder when u(-1) is divided by d?
11
Let v(y) = -40*y**2 + 5*y. Let j(p) = -40*p**2 + 6*p + 2. Let u(s) = -4*j(s) + 3*v(s). Calculate the remainder when u(-1) is divided by 10.
1
Let m(q) = 6*q**2 + 2*q - 4. Let p be (-1)/((-4)/(-8)) - -22. Suppose 0 = -19*i + p*i + 3. What is the remainder when m(i) is divided by 15?
14
Let u(d) = 55 - 13*d - 159 + 13. Calculate the remainder when 153 is divided by u(-10).
36
Let b(p) = -p**3 - 30*p**2 - 2*p - 42. Calculate the remainder when 1240 is divided by b(-30).
16
Suppose t = 3, -5*m - 6*t + 3*t + 19 = 0. Suppose -4*w + 38*s - 43*s + 142 = 0, -m*w = 3*s - 70. What is the remainder when 192 is divided by w?
2
Suppose -2*x - 67 = -4*d - 5*x, 0 = -d + 2*x + 25. Let c be (-16)/12*(d - -2). Let o = c + 75. What is the remainder when o is divided by 18?
11
Let j = -1 - -14. Suppose 0 = -3*g, 3*y + 4*g - 133 = 80. Let v = -66 + y. What is the remainder when j is divided by v?
3
Let r = 2096 + -1414. Suppose 0 = -9*m + r + 146. What is the remainder when m is divided by 19?
16
Let p(n) = 485*n**2 - 19*n. What is the remainder when p(2) is divided by 13?
4
Let j(z) = z**3 + 12*z**2 - 74*z - 125. What is the remainder when 1072 is divided by j(-16)?
22
Suppose s - 3*w - 131 = 850, 5*s - 5*w = 4915. Suppose -6*c - s = -4*g - 4*c, -2*c = 0. What is the remainder when g is divided by 13?
12
Suppose -4*u = -4*k - 192, 5*u = k - 20 + 248. Let d(z) = -112*z**2 + 20*z - 6. Let q be d(-3). Calculate the remainder when q/(-4)*(-66)/(-99) is divided by u.
44
Let i(c) = -126*c**2 - c + 1. Let a be i(1). Let d = 128 + a. Suppose o + 0*j - 29 = d*j, -5*o + 156 = j. What is the remainder when 276 is divided by o?
28
Let m(b) = 74*b**2 + 284*b + 2. Calculate the remainder when m(-6) is divided by 19.
12
Let o(x) = 17*x - 16 + 14*x**2 - 4 - 15*x**2. What is the remainder when o(11) is divided by 12?
10
Suppose -4*k + 2*f + 1088 = 0, k - 6*k = -3*f - 1362. What is the remainder when (-20)/k - (-24308)/108 is divided by 38?
35
Let n(a) = -2*a**3 + 32*a**2 + 72*a + 191. Calculate the remainder when 619 is divided by n(18).
46
Suppose 3*j - c - 228 = 0, 0 = 95*c - 96*c - 3. What is the remainder when 269 is divided by j?
44
Let f(b) = 15*b**2 + 10*b + 31. Let c be f(-6). Suppose -c - 509 = -30*i. What is the remainder when i is divided by 1 - (-6*4)/3?
7
Let d(a) = -220*a + 9*a**2 + 113*a + 43*a**2 + 114*a + 6. What is the remainder when d(-1) is divided by 18?
15
Suppose -60*u + 145*u - 13080 = 70*u. What is the remainder when u is divided by 102?
56
What is the remainder when 543 is divided by 73 + (160/30 - 35/(-21))?
63
Let d be 1595/(-4) + (30/8 - 4). Let w = 468 + d. What is the remainder when w is divided by 19?
12
Suppose 0 = -82*v - 1234 + 4924. Calculate the remainder when 1524 is divided by v.
39
Let c be ((-6 - -1)/((-8)/32))/(-1). Let m be 5*-22*(8/c - 0). Let y = 63 - m. Calculate the remainder when 37 is divided by y.
18
Let y = 1540 - 1485. Let f = -74 + 103. Calculate the remainder when y is divided by f.
26
Calculate the remainder when 2577 is divided by (-44)/(-11) - ((-4284)/546 - 4/26).
9
Let f be (-279)/(-39) - 2 - 6/39. What is the remainder when 50 is divided by 14 - (-4 + 7 - f)?
2
What is the remainder when ((-38446)/(-50) - 6 - (-4)/50) + 5 is divided by 23?
9
Suppose -36*x + 557 + 4372 = 645. What is the remainder when 458 is divided by x?
101
Let s = -167 - -386. Calculate the remainder when 655 is divided by s.
217
Calculate the remainder when 1 - (545/(-5) + -1 + 1) is divided by (9 - 528/(-54)) + 2/9.
15
Suppose -5025*y - 1536 = -5041*y. What is the remainder when 463 is divided by y?
79
Suppose -3*n + 96 = -2*a - 22, -3*a = n - 10. Calculate the remainder when 441 is divided by n.
33
Let d(l) = l**3 - 20*l**2 - 19*l - 37. Let z be d(21). Suppose 26*t - 2247 = z*t. Calculate the remainder when t is divided by 55.
52
Suppose 561 = -7*w - 6. Let b be (-2)/(-8) + (-795)/12. Let q = b - w. What is the remainder when 36 is divided by q?
6
Let l(t) = -3*t + 8. Let m be l(7). Let c(s) = s**2 + 13*s + 14. What is the remainder when (225/36)/(5/100) is divided by c(m)?
13
Let u(x) = 8*x - 9. Let g(a) = a - 1. Let f(j) = -4*g(j) - u(j). Calculate the remainder when f(-7) is divided by 6.
1
Suppose 0 = 490*m - 31838 - 74492. Calculate the remainder when m is divided by 185.
32
What is the remainder when 339 is divided by (345/(-105))/(15/(-105))?
17
Suppose 2*x = -2*u - 16 + 90, -45 = -u + x. Calculate the remainder when 2457 is divided by u.
38
Let t = -2536 - -2601. What is the remainder when 317 is divided by t?
57
Let z be (6/5)/(317/35 + -9). Suppose 0*f - 3*f - z = -k, 4*f = -k. Calculate the remainder when 311 is divided by k.
11
Calculate the remainder when 639 is divided by (9 + 957)*(-4 - (-52)/12).
317
Suppose -2*i + 5 = 3*k - 4, -22 = -3*i + 4*k. What is the remainder when (-24425)/(-150) + (-5)/i is divided by 33?
30
Let x(m) = -m**3 + 52*m**2 - 153*m + 342. What is the remainder when 3501 is divided by x(49)?
45
Let l be 3/1 + (-6 - (26 - 11)). Calculate the remainder when (l/(-8))/((-12)/(-288)) is divided by 20.
14
Suppose 1020*y - 965*y - 21890 = 0. What is the remainder when y is divided by 7?
6
Let h(f) = f**2 + 46. Suppose 0 = -27*n - 13*n + 120. Calculate the rem